e n(-5). Let q = v + c. List the prime factors of q.
2, 3, 5
Suppose -4*g - 4*c = -6476, -2*g - c + 4859 = g. What are the prime factors of g?
2, 3, 5
Let o = 233 + 323. List the prime factors of o.
2, 139
Let a = 21 - 27. What are the prime factors of (-3)/(9/426)*a/6?
2, 71
Suppose 1129 + 745 = n - 5*g, 4*n - 3*g - 7530 = 0. List the prime factors of n.
2, 3, 157
Suppose 8*v - 3*v = 855. Let j = v + -78. Suppose 0*u + j = 3*u. List the prime factors of u.
31
Let l(x) = 5*x**2 + 16*x - 11. Let o(n) = 9*n**2 + 32*n - 23. Let v(g) = -11*l(g) + 6*o(g). What are the prime factors of v(14)?
11
What are the prime factors of 0 + ((-76)/(-4))/(5/115)?
19, 23
Suppose 3*w + 2*w = 3*r - 953, -2*r + 572 = -3*w. Let z = 406 + w. What are the prime factors of z?
2, 3
Suppose 0 = -5*s - 20, -4*d - 3*s = -2*d + 8. Suppose -5*i - d*l + 151 = -4*l, -153 = -5*i + l. List the prime factors of i.
31
Suppose 88 = 3*z + 796. Let h = z - -370. What are the prime factors of h?
2, 67
Let b be (1 - 2) + 4*10. Suppose 5*d + b = x, -2*x - d = -4*x + 87. What are the prime factors of x?
2, 11
Let d(w) = -w**3 + 10*w**2 - 9*w - 2. Let o be d(9). What are the prime factors of ((-174)/12)/(o/8)?
2, 29
Let l = 882 - -18. What are the prime factors of l?
2, 3, 5
Let z be 1*2/(-4)*14. Let t(y) = -y - 7. Let h be t(z). Suppose h = -u - 7 + 40. List the prime factors of u.
3, 11
Let o(s) = s**2 - 5*s - 1. Let p be ((-42)/28)/(1/6). What are the prime factors of o(p)?
5
Let o(w) = w**3 - 14*w**2 + 13*w + 13. Let h be o(13). Suppose -37 + h = -2*f. List the prime factors of f.
2, 3
Let f = 599 + -426. List the prime factors of f.
173
Let j(l) be the first derivative of l**2/2 + 5*l - 2. Let i be j(-5). Suppose -64 = -i*t - 2*t. List the prime factors of t.
2
Let a = 1034 - -745. What are the prime factors of a?
3, 593
Let i = 2037 - -195. What are the prime factors of i?
2, 3, 31
Let u(x) = -11*x**3 + 14*x**2 - 6*x + 26. Let s(v) = -10*v**3 + 13*v**2 - 5*v + 25. Let o(y) = -7*s(y) + 6*u(y). What are the prime factors of o(5)?
7, 43
Let q = -67 + 69. What are the prime factors of q/((-6)/(-8) - (-28)/(-38))?
2, 19
Let z be (6/8*-2)/(111/(-148)). Suppose z*a = 4*a - 306. What are the prime factors of a?
3, 17
Let o = -33 + 23. Let k(s) = 2*s + 23. Let c be k(o). List the prime factors of c + (8/2 - -62).
3, 23
Let r = 16 + -12. Suppose -4*d = r*g - 72, 5*g - 47 = 5*d + 43. List the prime factors of g.
2, 3
Let u = 8 + -94. Let s = u - -132. List the prime factors of s.
2, 23
Let k be (-1934)/(-38) - (-2)/19. Let m be 10/((-30)/(-14) + -2). Suppose -m = -4*j + 5*v, -v + k = 3*j - 4*v. What are the prime factors of j?
3, 5
Suppose -21 = j - 25. Suppose -836 = -j*h - 208. List the prime factors of h.
157
Suppose 9296 + 3136 = 12*z. List the prime factors of z.
2, 7, 37
Suppose -6*b + 2*z + 14 = -b, 0 = 4*b - 2*z - 12. Suppose -b*v + 6*v = 392. What are the prime factors of 27/36 + v/8?
13
Suppose -177 = -7*u + 110. Suppose -b = 2*n - u, 80 = 2*b - 2*n + 4*n. List the prime factors of b.
3, 13
Suppose -3*n - 2*c - 86 = -0*c, 2*n + 58 = -c. Let j = -9 - n. What are the prime factors of j?
3, 7
List the prime factors of 1679757/603 - (-1)/(2 + 1).
2, 7, 199
Let i(r) be the first derivative of r**5/60 + 14*r**3/3 - r**2 - 7. Let s(c) be the second derivative of i(c). List the prime factors of s(0).
2, 7
Let y(b) be the second derivative of 7*b**3/6 - 3*b**2/2 - 27*b. List the prime factors of y(8).
53
What are the prime factors of ((-2)/2 - 1389)*(-176)/110?
2, 139
Suppose -12 = -0*q - 3*q. Let k be (-8)/(-3) - q/(-12). What are the prime factors of ((-26)/(-2))/(k/3)?
13
What are the prime factors of 2253/4*84/63?
751
Let p(t) = 542*t - 255. List the prime factors of p(5).
5, 491
Let k be 7/5 - 6/15. Let l(j) = 4*j - 1. Let d be l(k). Suppose d*a + 2*q - 19 = -3*q, -7 = -5*a + 4*q. List the prime factors of a.
3
Suppose -12*j + 13878 = 15*j. List the prime factors of j.
2, 257
Let s(x) = 209 + 0*x - x - 188. List the prime factors of s(12).
3
Let r be 3*(-43)/3 - -5. Suppose -5*c = -t - 56, -2*t = -0*t + 4*c + 42. Let h = t - r. What are the prime factors of h?
7
Let o = 1551 - 496. What are the prime factors of o?
5, 211
Suppose -3*c = 4*a + 10, -a - 5*c = -2*c + 7. List the prime factors of -171*(-8)/32*(5 + a).
3, 19
Suppose -6*h = -4*h + 3*x - 11479, -2*x + 17226 = 3*h. What are the prime factors of h?
2, 359
Let t(q) = -q**2 + 23*q - 22. Let s be t(25). List the prime factors of ((-1)/1)/(1/s).
2, 3
Let d = -5280 + 8434. List the prime factors of d.
2, 19, 83
Suppose 2*u = -0*u - 166. Let v = -21 - u. List the prime factors of v.
2, 31
Suppose 0 = -2*j - p + 553, -4*j + p + 1400 = j. List the prime factors of j.
3, 31
Let y be (-1)/(-9) + (-1279)/9. Let i = 203 + y. What are the prime factors of i?
61
Let d(r) = 491*r**3 - 2*r**2 + 2*r. What are the prime factors of d(1)?
491
Let v(l) = -l**3 - l**2 + 6*l + 6. Let o be v(-3). Suppose 4*b - o*b + 18 = 0. List the prime factors of b.
3
Let x = -27 + 30. Suppose x*y - 3*i + 183 = 0, -5*y - 135 - 172 = -4*i. List the prime factors of 18/y + (-282)/(-7).
2, 5
Let z(h) = -h**3 - 11*h**2 - 16*h - 29. Let i be z(-10). Suppose 0 = -i*u + 34*u - 75. List the prime factors of u.
5
Let v(g) = -4*g**3 - 9*g**2 - 9*g + 40. What are the prime factors of v(-11)?
2, 3
Suppose 9*o - 16090 + 1285 = 0. List the prime factors of o.
5, 7, 47
Suppose 18*y + 3*l - 650 = 17*y, -2*l - 3301 = -5*y. What are the prime factors of y?
659
List the prime factors of 22910/55 + (-36)/66.
2, 13
Suppose 8 = 3*w + 2. Let d(b) = 52*b + 6. What are the prime factors of d(w)?
2, 5, 11
Suppose 0 = 4*w + k + 210, -47 = w + 4*k - k. Let u(h) = 6*h - 4. Let c be u(-5). Let d = c - w. What are the prime factors of d?
19
Let x = 2011 + -632. What are the prime factors of x?
7, 197
Suppose -5*l - 1353 = -s, 3*s - 5*l = s + 2716. List the prime factors of s.
29, 47
Let i be 70/(-21)*(-3 - (-9)/6). Suppose 0 = 2*f + 4*w + w - 257, -i*w = -5*f + 695. List the prime factors of f.
2, 17
Let w = -2558 - -3586. List the prime factors of w.
2, 257
Let a = 5950 + -3359. What are the prime factors of a?
2591
Suppose 6*i = 9*i + 2*a - 5791, -i - 3*a = -1935. What are the prime factors of i?
3, 643
Let s(x) = 28*x - 1 - 52*x + 23*x. List the prime factors of s(-8).
7
Suppose -10 = 2*i - 16. Suppose 5*k + 67 = a, 0 = i*a + 4*k + k - 101. List the prime factors of a.
2, 3, 7
Let w be (17/(-17))/((-1)/1719). Suppose 12*s - w = -27. What are the prime factors of s?
3, 47
Suppose -15*x = -12*x - 2001. What are the prime factors of x?
23, 29
Let b(n) = n**3 + 12*n**2 + 20*n - 18. Let m(t) = -t**3 - 13*t**2 - 19*t + 17. Let d(c) = -2*b(c) - 3*m(c). What are the prime factors of d(-12)?
3, 71
Let i(f) = f**2 + 5*f - 7. Let o be i(-6). Let w = o + 10. List the prime factors of w.
3
Let a be ((-5)/(-1) + -6)/((-2)/4). Suppose 3 + 0 = -3*b, a*k - b = 153. List the prime factors of k.
2, 19
Let g(i) = 2*i - 19. What are the prime factors of g(32)?
3, 5
Let t = 21 - 16. Suppose 0 = t*p - 47 - 48. What are the prime factors of p/(((-2)/2)/(-1))?
19
Suppose -1920 = -10*c - 620. What are the prime factors of c?
2, 5, 13
Let c(h) = 38*h - 1. Let y be c(-1). Let d = 46 + y. What are the prime factors of d?
7
Suppose 3*y + k + 2*k = 54, -5*k = -2*y + 1. Suppose 2*s + 4*w - 3 = -y, -10 = 5*w. What are the prime factors of 0/s - 168/(-8)?
3, 7
Let u = -2 + 17. List the prime factors of ((-306)/u)/(4/(-40)).
2, 3, 17
Let j(v) = -16*v - 20. Let s be j(-6). Suppose -k + 0*k = -s. What are the prime factors of k?
2, 19
Suppose 0 = -0*c + 2*c + 16. Let h(s) = -3*s + 7. Let i be h(c). Let y = i + -16. List the prime factors of y.
3, 5
Let h = -15 - -19. Suppose -5*v - c + 10 = -3*c, -2*v - c + h = 0. Let q = v + 27. List the prime factors of q.
29
Suppose 16*j - 6872 = 9816. What are the prime factors of j?
7, 149
Suppose -41*b = -106772 + 1033. List the prime factors of b.
2579
Let j(w) = -w**3 - 13*w**2 - 11*w + 16. Let x be j(-12). Suppose 0 = -g + 3*h + 30, 2*h = 5*g - 116 - 47. Suppose -u - g = -x*u. List the prime factors of u.
11
Let r = 11 + -10. Suppose 0 = -4*q + 5*q. List the prime factors of 8*(r - q) - -3.
11
Suppose -3*o - 2*v - 7 = 0, -17 = 5*o - v + 3*v. Let r(q) = q**3 + 6*q**2 - 2*q + 1. List the